{"version":"1.0","provider_name":"Rot Weiss St.Vit e.V.","provider_url":"https:\/\/rwsv.de","author_name":"admin","author_url":"https:\/\/rwsv.de\/index.php\/author\/siede\/","title":"SAVE THE DATE - Rot Weiss St.Vit e.V.","type":"rich","width":600,"height":338,"html":"<blockquote class=\"wp-embedded-content\" data-secret=\"uEIzq5Rt27\"><a href=\"https:\/\/rwsv.de\/index.php\/elementor-3368\/\">SAVE THE DATE<\/a><\/blockquote><iframe sandbox=\"allow-scripts\" security=\"restricted\" src=\"https:\/\/rwsv.de\/index.php\/elementor-3368\/embed\/#?secret=uEIzq5Rt27\" width=\"600\" height=\"338\" title=\"&#8222;SAVE THE DATE&#8220; &#8211; Rot Weiss St.Vit e.V.\" data-secret=\"uEIzq5Rt27\" frameborder=\"0\" marginwidth=\"0\" marginheight=\"0\" scrolling=\"no\" class=\"wp-embedded-content\"><\/iframe><script>\n\/*! This file is auto-generated *\/\n!function(d,l){\"use strict\";l.querySelector&&d.addEventListener&&\"undefined\"!=typeof URL&&(d.wp=d.wp||{},d.wp.receiveEmbedMessage||(d.wp.receiveEmbedMessage=function(e){var t=e.data;if((t||t.secret||t.message||t.value)&&!\/[^a-zA-Z0-9]\/.test(t.secret)){for(var s,r,n,a=l.querySelectorAll('iframe[data-secret=\"'+t.secret+'\"]'),o=l.querySelectorAll('blockquote[data-secret=\"'+t.secret+'\"]'),c=new RegExp(\"^https?:$\",\"i\"),i=0;i<o.length;i++)o[i].style.display=\"none\";for(i=0;i<a.length;i++)s=a[i],e.source===s.contentWindow&&(s.removeAttribute(\"style\"),\"height\"===t.message?(1e3<(r=parseInt(t.value,10))?r=1e3:~~r<200&&(r=200),s.height=r):\"link\"===t.message&&(r=new URL(s.getAttribute(\"src\")),n=new URL(t.value),c.test(n.protocol))&&n.host===r.host&&l.activeElement===s&&(d.top.location.href=t.value))}},d.addEventListener(\"message\",d.wp.receiveEmbedMessage,!1),l.addEventListener(\"DOMContentLoaded\",function(){for(var e,t,s=l.querySelectorAll(\"iframe.wp-embedded-content\"),r=0;r<s.length;r++)(t=(e=s[r]).getAttribute(\"data-secret\"))||(t=Math.random().toString(36).substring(2,12),e.src+=\"#?secret=\"+t,e.setAttribute(\"data-secret\",t)),e.contentWindow.postMessage({message:\"ready\",secret:t},\"*\")},!1)))}(window,document);\n<\/script>\n","thumbnail_url":"https:\/\/rwsv.de\/wp-content\/uploads\/2025\/04\/Arminia-Ball.jpg","thumbnail_width":600,"thumbnail_height":450,"description":"10. Mai 2025 &#8211; Ein Fu\u00dfballfest auf der St. Viter Alm RW St. Vit trifft auf Arminia Bielefelds Legenden Liebe Freunde des runden Leders, am 10. Mai 2025 erwartet euch ein echtes Highlight auf der ehrw\u00fcrdigen St. Viter Alm: Eine Auswahl unserer besten RW St. Vit-Kicker tritt gegen niemand Geringeren als die Traditionsmannschaft von Arminia Bielefeld an! Dank der gro\u00dfartigen Unterst\u00fctzung vom Autohaus Thiel sowie der Kreissparkasse Halle-Westfalen ist es uns gelungen, dieses besondere Duell auf die Beine zu stellen. Mit dabei sind echte Gr\u00f6\u00dfen aus der Bielefelder Fu\u00dfballgeschichte: Freut euch auf Mathias Hain, den sicheren R\u00fcckhalt zwischen den Pfosten, Daniel Brinkmann, Fatmir Vata \u2013 und vielleicht sogar Publikumsliebling Ansgar Brinkmann, der mit seiner unnachahmlichen Art den Rasen nochmal zum Beben bringen k\u00f6nnte! Anpfiff ist um 15:00 Uhr, doch der Tag soll nicht nur sportlich, sondern vor allem gesellig werden. F\u00fcr unsere kleinen G\u00e4ste steht eine H\u00fcpfburg bereit, w\u00e4hrend f\u00fcr alle Naschkatzen k\u00f6stliche Kuchenspezialit\u00e4ten locken. Nat\u00fcrlich ist auch f\u00fcr das leibliche Wohl der Gro\u00dfen gesorgt: Frisch gegrillte Bratw\u00fcrstchen und eiskalte Getr\u00e4nke warten auf euch! Kommt vorbei, erlebt Fu\u00dfballgeschichte hautnah und genie\u00dft einen unvergesslichen Tag mit Freunden, Familie und jeder Menge Fu\u00dfballspa\u00df. Wir freuen uns auf euch \u2013 auf zahlreiche Fans, fr\u00f6hliche Gesichter und eine tolle Stimmung auf der St. Viter Alm!"}

10. Mai 2025 &#8211; Ein Fußballfest auf der St. Viter Alm RW St. Vit trifft auf Arminia Bielefelds Legenden Liebe Freunde des runden Leders, am 10. Mai 2025 erwartet euch ein echtes Highlight auf der ehrwürdigen St. Viter Alm: Eine Auswahl unserer besten RW St. Vit-Kicker tritt gegen niemand Geringeren als die Traditionsmannschaft von Arminia Bielefeld an! Dank der großartigen Unterstützung vom Autohaus Thiel sowie der Kreissparkasse Halle-Westfalen ist es uns gelungen, dieses besondere Duell auf die Beine zu stellen. Mit dabei sind echte Größen aus der Bielefelder Fußballgeschichte: Freut euch auf Mathias Hain, den sicheren Rückhalt zwischen den Pfosten, Daniel Brinkmann, Fatmir Vata – und vielleicht sogar Publikumsliebling Ansgar Brinkmann, der mit seiner unnachahmlichen Art den Rasen nochmal zum Beben bringen könnte! Anpfiff ist um 15:00 Uhr, doch der Tag soll nicht nur sportlich, sondern vor allem gesellig werden. Für unsere kleinen Gäste steht eine Hüpfburg bereit, während für alle Naschkatzen köstliche Kuchenspezialitäten locken. Natürlich ist auch für das leibliche Wohl der Großen gesorgt: Frisch gegrillte Bratwürstchen und eiskalte Getränke warten auf euch! Kommt vorbei, erlebt Fußballgeschichte hautnah und genießt einen unvergesslichen Tag mit Freunden, Familie und jeder Menge Fußballspaß. Wir freuen uns auf euch – auf zahlreiche Fans, fröhliche Gesichter und eine tolle Stimmung auf der St. Viter Alm!
